{"id":3,"date":"2022-12-02T12:24:01","date_gmt":"2022-12-02T12:24:01","guid":{"rendered":"https:\/\/pichicolo.pandadesign.pro\/?page_id=3"},"modified":"2023-01-05T15:49:33","modified_gmt":"2023-01-05T18:49:33","slug":"terminos-y-condiciones","status":"publish","type":"page","link":"https:\/\/termasdepichicolo.cl\/?page_id=3","title":{"rendered":"Recomendaciones e Indicaciones para la estad\u00eda"},"content":{"rendered":"<div class=\"wpb-content-wrapper\"><p>[vc_row css_animation=\u00bb\u00bb row_type=\u00bbrow\u00bb use_row_as_full_screen_section=\u00bbno\u00bb type=\u00bbfull_width\u00bb angled_section=\u00bbno\u00bb text_align=\u00bbleft\u00bb background_image_as_pattern=\u00bbwithout_pattern\u00bb][vc_column][vc_column_text]<\/p>\n<h4 class=\"p1\">Es importante tomar precauciones b\u00e1sicas de seguridad, para no correr riesgos antes de comenzar el recorrido. Por ello, Ba\u00f1os Termales Pichicolo ha desarrollado este material, que tiene por objeto difundir recomendaciones debido a la presencia de riesgos inherentes de la naturaleza y evitar la ocurrencia de posibles accidentes, durante su permanencia.<\/h4>\n<p>&nbsp;<\/p>\n<h4><\/h4>\n<p>[\/vc_column_text][\/vc_column][\/vc_row][vc_row css_animation=\u00bb\u00bb row_type=\u00bbrow\u00bb use_row_as_full_screen_section=\u00bbno\u00bb type=\u00bbfull_width\u00bb angled_section=\u00bbno\u00bb text_align=\u00bbleft\u00bb background_image_as_pattern=\u00bbwithout_pattern\u00bb][vc_column][vc_separator type=\u00bbnormal\u00bb color=\u00bb#000000&#8243;][icon_list_item icon_pack=\u00bbfont_awesome_5&#8243; font_awesome_5=\u00bbfa fa-person-pregnant\u00bb icon_type=\u00bbcircle\u00bb title=\u00bbNo se recomienda a embarazadas ni lactantes hacer uso de las aguas termales.\u00bb title_color=\u00bb#ffffff\u00bb title_size=\u00bb20&#8243; icon_size=\u00bb35&#8243;][vc_separator type=\u00bbnormal\u00bb][icon_list_item icon_pack=\u00bbfont_awesome_5&#8243; font_awesome_5=\u00bbfa fa-clock\u00bb icon_type=\u00bbcircle\u00bb title=\u00bbSe recomienda, salir de las aguas cada 30 minutos, por al menos 5 minutos, mientras este en las termas.\u00bb title_color=\u00bb#ffffff\u00bb title_size=\u00bb20&#8243; icon_size=\u00bb35&#8243;][vc_separator type=\u00bbnormal\u00bb][icon_list_item icon_pack=\u00bbfont_awesome_5&#8243; font_awesome_5=\u00bbfa fa-dog\u00bb icon_type=\u00bbcircle\u00bb title=\u00bbNo se permite el ingreso de mascotas al recinto.\u00bb title_color=\u00bb#ffffff\u00bb title_size=\u00bb20&#8243; icon_size=\u00bb35&#8243;][vc_separator type=\u00bbnormal\u00bb][icon_list_item icon_pack=\u00bbfont_awesome_5&#8243; font_awesome_5=\u00bbfa fa-hand\u00bb icon_type=\u00bbcircle\u00bb title=\u00bbUse los Pasamanos. Desplazarse con precauci\u00f3n por senderos y accesos al recinto termal, ya que el suelo puede estar resbaladizo.\u00bb title_color=\u00bb#ffffff\u00bb title_size=\u00bb20&#8243; icon_size=\u00bb35&#8243;][vc_separator type=\u00bbnormal\u00bb][icon_list_item icon_pack=\u00bbfont_awesome_5&#8243; font_awesome_5=\u00bbfa fa-hand-holding-heart\u00bb icon_type=\u00bbcircle\u00bb title=\u00bbNo botar basura. Utilice los dep\u00f3sitos de basura habilitados\u00bb title_color=\u00bb#ffffff\u00bb title_size=\u00bb20&#8243; icon_size=\u00bb35&#8243;][vc_separator type=\u00bbnormal\u00bb][icon_list_item icon_pack=\u00bbfont_awesome_5&#8243; font_awesome_5=\u00bbfa fa-person-running\u00bb icon_type=\u00bbcircle\u00bb title=\u00bbNo se permite circular por otros lugares que no sean para el uso exclusivo de los ba\u00f1os termales (ductos, drenaje de aguas, internarse al bosque, etc.).\u00bb title_color=\u00bb#ffffff\u00bb title_size=\u00bb20&#8243; icon_size=\u00bb35&#8243;][vc_separator type=\u00bbnormal\u00bb][icon_list_item icon_pack=\u00bbfont_awesome_5&#8243; font_awesome_5=\u00bbfa fa-wine-bottle\u00bb icon_type=\u00bbcircle\u00bb title=\u00bbProhibido el consumo de alcohol en el recinto, y el ingreso bajo los efectos del alcohol.\u00bb title_color=\u00bb#ffffff\u00bb title_size=\u00bb20&#8243; icon_size=\u00bb35&#8243;][vc_separator type=\u00bbnormal\u00bb][icon_list_item icon_pack=\u00bbfont_awesome_5&#8243; font_awesome_5=\u00bbfa fa-smoking\u00bb icon_type=\u00bbcircle\u00bb title=\u00bbSe proh\u00edbe fumar en el \u00e1rea de las piscinas. S\u00f3lo esta permitido en el lugar designado para ello.\u00bb title_color=\u00bb#ffffff\u00bb title_size=\u00bb20&#8243; icon_size=\u00bb35&#8243;][vc_separator type=\u00bbnormal\u00bb][icon_list_item icon_pack=\u00bbfont_awesome_5&#8243; font_awesome_5=\u00bbfa fa-recycle\u00bb icon_type=\u00bbcircle\u00bb title=\u00bbCuide del medio ambiente, y de la flora y fauna del lugar, no realizando quemas de hojas, basura o maleza.\u00bb title_color=\u00bb#ffffff\u00bb title_size=\u00bb20&#8243; icon_size=\u00bb35&#8243;][vc_separator type=\u00bbnormal\u00bb][icon_list_item icon_pack=\u00bbfont_awesome_5&#8243; font_awesome_5=\u00bbfa fa-glass-water\u00bb icon_type=\u00bbcircle\u00bb title=\u00bbRecordar que el agua potable est\u00e1 s\u00f3lo en los ba\u00f1os y en sectores establecidos.\u00bb title_color=\u00bb#ffffff\u00bb title_size=\u00bb20&#8243; icon_size=\u00bb35&#8243;][vc_separator type=\u00bbnormal\u00bb][\/vc_column][\/vc_row]<\/p>\n<\/div>","protected":false},"excerpt":{"rendered":"<p>[vc_row css_animation=\u00bb\u00bb row_type=\u00bbrow\u00bb use_row_as_full_screen_section=\u00bbno\u00bb type=\u00bbfull_width\u00bb angled_section=\u00bbno\u00bb text_align=\u00bbleft\u00bb background_image_as_pattern=\u00bbwithout_pattern\u00bb][vc_column][vc_column_text] Es importante tomar precauciones b\u00e1sicas de seguridad, para no correr riesgos antes de comenzar el recorrido. Por ello, Ba\u00f1os Termales Pichicolo ha desarrollado este material, que tiene por objeto difundir recomendaciones debido a la presencia de riesgos inherentes de la naturaleza y evitar la ocurrencia de posibles [&hellip;]<\/p>\n","protected":false},"author":1,"featured_media":0,"parent":0,"menu_order":0,"comment_status":"closed","ping_status":"open","template":"","meta":{"content-type":"","footnotes":""},"class_list":["post-3","page","type-page","status-publish","hentry"],"_links":{"self":[{"href":"https:\/\/termasdepichicolo.cl\/index.php?rest_route=\/wp\/v2\/pages\/3","targetHints":{"allow":["GET"]}}],"collection":[{"href":"https:\/\/termasdepichicolo.cl\/index.php?rest_route=\/wp\/v2\/pages"}],"about":[{"href":"https:\/\/termasdepichicolo.cl\/index.php?rest_route=\/wp\/v2\/types\/page"}],"author":[{"embeddable":true,"href":"https:\/\/termasdepichicolo.cl\/index.php?rest_route=\/wp\/v2\/users\/1"}],"replies":[{"embeddable":true,"href":"https:\/\/termasdepichicolo.cl\/index.php?rest_route=%2Fwp%2Fv2%2Fcomments&post=3"}],"version-history":[{"count":50,"href":"https:\/\/termasdepichicolo.cl\/index.php?rest_route=\/wp\/v2\/pages\/3\/revisions"}],"predecessor-version":[{"id":1371,"href":"https:\/\/termasdepichicolo.cl\/index.php?rest_route=\/wp\/v2\/pages\/3\/revisions\/1371"}],"wp:attachment":[{"href":"https:\/\/termasdepichicolo.cl\/index.php?rest_route=%2Fwp%2Fv2%2Fmedia&parent=3"}],"curies":[{"name":"wp","href":"https:\/\/api.w.org\/{rel}","templated":true}]}}