{"id":23359,"date":"2025-06-16T19:51:57","date_gmt":"2025-06-16T22:51:57","guid":{"rendered":"https:\/\/termasdepichicolo.cl\/?post_type=product&#038;p=23359"},"modified":"2026-04-28T19:42:41","modified_gmt":"2026-04-28T22:42:41","slug":"entrada-dia-festivos-y-fin-de-semana","status":"publish","type":"product","link":"https:\/\/termasdepichicolo.cl\/?product=entrada-dia-festivos-y-fin-de-semana","title":{"rendered":"Entrada D\u00eda Festivos y Fin de Semana"},"content":{"rendered":"<p><strong>Disponible los d\u00edas s\u00e1bados, domingo y festivos.<\/strong><\/p>\n<p>\u00bfDe vuelta a la rutina? Reg\u00e1late una pausa y recarga energ\u00edas en Termas de Pichicolo. Disfruta de una experiencia relajante en nuestras aguas termales naturales, el panorama perfecto para desconectarte del estr\u00e9s diario y reconectar con la naturaleza. Reserva tu pase diario y vive un momento de tranquilidad en un entorno \u00fanico. \u00a1Te esperamos!<\/p>\n<p>Adulto\u00a0 $32.000<br \/>\nAdulto Mayor\u00a0 $25.000<br \/>\nNi\u00f1os\u00a0 $21.000<\/p>\n<p>Horario: 11:00 a 18:00 hrs.<\/p>\n","protected":false},"excerpt":{"rendered":"<p><strong>Disponible los d\u00edas s\u00e1bados, domingo y festivos.<\/strong><\/p>\n<p>\u00bfDe vuelta a la rutina? Reg\u00e1late una pausa y recarga energ\u00edas en Termas de Pichicolo. Disfruta de una experiencia relajante en nuestras aguas termales naturales, el panorama perfecto para desconectarte del estr\u00e9s diario y reconectar con la naturaleza. Reserva tu pase diario y vive un momento de tranquilidad en un entorno \u00fanico. \u00a1Te esperamos!<\/p>\n<p>Adulto\u00a0 $32.000<br \/>\nAdulto Mayor\u00a0 $25.000<br \/>\nNi\u00f1os\u00a0 $21.000<\/p>\n<p>Horario: 11:00 a 18:00 hrs.<\/p>\n","protected":false},"featured_media":25644,"comment_status":"open","ping_status":"closed","template":"","meta":{"content-type":""},"product_brand":[],"product_cat":[25],"product_tag":[],"class_list":{"0":"post-23359","1":"product","2":"type-product","3":"status-publish","4":"has-post-thumbnail","6":"product_cat-reservas","8":"first","9":"instock","10":"sold-individually","11":"shipping-taxable","12":"purchasable","13":"product-type-booking"},"_links":{"self":[{"href":"https:\/\/termasdepichicolo.cl\/index.php?rest_route=\/wp\/v2\/product\/23359","targetHints":{"allow":["GET"]}}],"collection":[{"href":"https:\/\/termasdepichicolo.cl\/index.php?rest_route=\/wp\/v2\/product"}],"about":[{"href":"https:\/\/termasdepichicolo.cl\/index.php?rest_route=\/wp\/v2\/types\/product"}],"replies":[{"embeddable":true,"href":"https:\/\/termasdepichicolo.cl\/index.php?rest_route=%2Fwp%2Fv2%2Fcomments&post=23359"}],"version-history":[{"count":12,"href":"https:\/\/termasdepichicolo.cl\/index.php?rest_route=\/wp\/v2\/product\/23359\/revisions"}],"predecessor-version":[{"id":31076,"href":"https:\/\/termasdepichicolo.cl\/index.php?rest_route=\/wp\/v2\/product\/23359\/revisions\/31076"}],"wp:featuredmedia":[{"embeddable":true,"href":"https:\/\/termasdepichicolo.cl\/index.php?rest_route=\/wp\/v2\/media\/25644"}],"wp:attachment":[{"href":"https:\/\/termasdepichicolo.cl\/index.php?rest_route=%2Fwp%2Fv2%2Fmedia&parent=23359"}],"wp:term":[{"taxonomy":"product_brand","embeddable":true,"href":"https:\/\/termasdepichicolo.cl\/index.php?rest_route=%2Fwp%2Fv2%2Fproduct_brand&post=23359"},{"taxonomy":"product_cat","embeddable":true,"href":"https:\/\/termasdepichicolo.cl\/index.php?rest_route=%2Fwp%2Fv2%2Fproduct_cat&post=23359"},{"taxonomy":"product_tag","embeddable":true,"href":"https:\/\/termasdepichicolo.cl\/index.php?rest_route=%2Fwp%2Fv2%2Fproduct_tag&post=23359"}],"curies":[{"name":"wp","href":"https:\/\/api.w.org\/{rel}","templated":true}]}}

Entrada Día Festivos y Fin de Semana

<p><strong>Disponible los días sábados, domingo y festivos.</strong></p>
<p>¿De vuelta a la rutina? Regálate una pausa y recarga energías en Termas de Pichicolo. Disfruta de una experiencia relajante en nuestras aguas termales naturales, el panorama perfecto para desconectarte del estrés diario y reconectar con la naturaleza. Reserva tu pase diario y vive un momento de tranquilidad en un entorno único. ¡Te esperamos!</p>
<p>Adulto  $32.000<br />
Adulto Mayor  $25.000<br />
Niños  $21.000</p>
<p>Horario: 11:00 a 18:00 hrs.</p>
